{"id":146,"date":"2025-09-03T16:04:36","date_gmt":"2025-09-03T14:04:36","guid":{"rendered":"https:\/\/armellecasas.fr\/?page_id=146"},"modified":"2025-11-21T12:18:13","modified_gmt":"2025-11-21T11:18:13","slug":"tome-3-les-feux-du-coeur","status":"publish","type":"page","link":"https:\/\/armellecasas.fr\/index.php\/tome-3-les-feux-du-coeur\/","title":{"rendered":"Tome 3 Les feux du coeur"},"content":{"rendered":"\n<figure class=\"wp-block-image size-full\"><img loading=\"lazy\" decoding=\"async\" width=\"1749\" height=\"2481\" src=\"http:\/\/armellecasas.fr\/wp-content\/uploads\/2025\/10\/ARMELLE-CASAS-ebook-1.jpg\" alt=\"\" class=\"wp-image-165\" srcset=\"https:\/\/armellecasas.fr\/wp-content\/uploads\/2025\/10\/ARMELLE-CASAS-ebook-1.jpg 1749w, https:\/\/armellecasas.fr\/wp-content\/uploads\/2025\/10\/ARMELLE-CASAS-ebook-1-211x300.jpg 211w, https:\/\/armellecasas.fr\/wp-content\/uploads\/2025\/10\/ARMELLE-CASAS-ebook-1-722x1024.jpg 722w, https:\/\/armellecasas.fr\/wp-content\/uploads\/2025\/10\/ARMELLE-CASAS-ebook-1-768x1089.jpg 768w, https:\/\/armellecasas.fr\/wp-content\/uploads\/2025\/10\/ARMELLE-CASAS-ebook-1-1083x1536.jpg 1083w, https:\/\/armellecasas.fr\/wp-content\/uploads\/2025\/10\/ARMELLE-CASAS-ebook-1-1444x2048.jpg 1444w\" sizes=\"auto, (max-width: 1749px) 100vw, 1749px\" \/><\/figure>\n\n\n\n<h2 class=\"wp-block-heading\">S\u00e9rie Amours Entrelac\u00e9es \u2013 Tome 3<\/h2>\n\n\n\n<blockquote class=\"wp-block-quote is-layout-flow wp-block-quote-is-layout-flow\">\n<p>Quand la passion culinaire r\u00e9veille les blessures\u2026 et les sentiments.<\/p>\n<\/blockquote>\n\n\n\n<p><\/p>\n\n\n\n<h2 class=\"wp-block-heading\">\ud83d\udcd6 R\u00e9sum\u00e9<\/h2>\n\n\n\n<p><strong>Elle fuit les projecteurs. Il y brille\u2026 mais veut s\u2019en \u00e9loigner. Quand leurs mondes se percutent, c\u2019est tout leur \u00e9quilibre qui vacille.<\/strong><\/p>\n\n\n\n<p>In\u00e8s Corbian a fait de son restaurant un cocon, un temple du go\u00fbt et du silence. Refusant la m\u00e9diatisation, elle se bat chaque jour pour que son handicap ne soit ni une excuse, ni un \u00e9tendard, seulement une partie d\u2019elle.<\/p>\n\n\n\n<p>Mais quand son fr\u00e8re l\u2019inscrit en cachette \u00e0 la c\u00e9l\u00e8bre \u00e9mission Les Couteaux \u00c9toil\u00e9s, In\u00e8s voit sa tranquillit\u00e9 s\u2019effondrer. Elle devra se confronter \u00e0 Paul Bouysse, chef \u00e9toil\u00e9 au caract\u00e8re volcanique, aussi exigeant qu\u2019aga\u00e7ant. Lui est flamboyant, elle est sur la r\u00e9serve.<\/p>\n\n\n\n<p>Entre clashs culinaires et confrontations intimes, l\u2019attraction devient in\u00e9vitable.<\/p>\n\n\n\n<p><strong>In\u00e8s devra choisir : se prot\u00e9ger \u00e0 tout prix\u2026 ou se laisser une chance d\u2019aimer.<\/strong><\/p>\n\n\n\n<p><\/p>\n\n\n\n<p><\/p>\n\n\n\n<h2 class=\"wp-block-heading\">\ud83d\udd17 O\u00f9 le trouver en num\u00e9rique<\/h2>\n\n\n\n<p><\/p>\n\n\n\n<div class=\"wp-block-buttons is-layout-flex wp-block-buttons-is-layout-flex\">\n<div class=\"wp-block-button is-style-fill\"><a class=\"wp-block-button__link wp-element-button\" href=\"https:\/\/www.amazon.fr\/feux-coeur-Amours-entrelac%C3%A9es-t-ebook\/dp\/B0FPMGPY4C\">Kindle<\/a><\/div>\n\n\n\n<div class=\"wp-block-button\"><a class=\"wp-block-button__link wp-element-button\" href=\"https:\/\/www.kobo.com\/fr\/fr\/ebook\/les-feux-du-coeur?sId=38592228-2f59-40db-a8cf-d867d51765bd\">Kobo<\/a><\/div>\n\n\n\n<div class=\"wp-block-button\"><a class=\"wp-block-button__link wp-element-button\" href=\"https:\/\/play.google.com\/store\/books\/details\/Armelle_Casas_Les_feux_du_coeur?id=tM-DEQAAQBAJ&amp;hl=fr\">Google play<\/a><\/div>\n\n\n\n<div class=\"wp-block-button\"><a class=\"wp-block-button__link wp-element-button\" href=\"https:\/\/www.7switch.com\/fr\/ebook\/9791097668143\">7switch<\/a><\/div>\n\n\n\n<div class=\"wp-block-button\"><a class=\"wp-block-button__link wp-element-button\" href=\"https:\/\/www.fnac.com\/livre-numerique\/a21992339\/Armelle-Casas-Les-feux-du-coeur#FORMAT=ebook%20(ePub)\">Fnac<\/a><\/div>\n\n\n\n<div class=\"wp-block-button\"><a class=\"wp-block-button__link wp-element-button\" href=\"https:\/\/www.kobo.com\/fr\/fr\/ebook\/les-feux-du-coeur?sId=38592228-2f59-40db-a8cf-d867d51765bd\">Epagine<\/a><\/div>\n\n\n\n<div class=\"wp-block-button\"><a class=\"wp-block-button__link wp-element-button\" href=\"https:\/\/e-librairie.leclerc\/product\/9791097668143_9791097668143_2\/les-feux-du-coeur?listName=du-meme-auteur&amp;listId=347\">Leclerc<\/a><\/div>\n\n\n\n<div class=\"wp-block-button\"><a class=\"wp-block-button__link wp-element-button\" href=\"https:\/\/shop.vivlio.com\/product\/9791097668143_9791097668143_2\/les-feux-du-coeur?listName=du-meme-auteur&amp;listId=9\">Vivlio<\/a><\/div>\n\n\n\n<div class=\"wp-block-button\"><a class=\"wp-block-button__link wp-element-button\" href=\"https:\/\/nextory.com\/fr\/book\/les-feux-du-coeur-4917056\">Nextory<\/a><\/div>\n<\/div>\n\n\n\n<p><\/p>\n\n\n\n<h2 class=\"wp-block-heading\">\ud83d\udd17 O\u00f9 le trouver en papier<\/h2>\n\n\n\n<div class=\"wp-block-buttons is-layout-flex wp-block-buttons-is-layout-flex\">\n<div class=\"wp-block-button\"><a class=\"wp-block-button__link wp-element-button\">Amazon<\/a><\/div>\n<\/div>\n\n\n\n<p><\/p>\n\n\n\n<h2 class=\"wp-block-heading\">\ud83d\udccb Informations sur le livre<\/h2>\n\n\n\n<ul class=\"wp-block-list\">\n<li><strong>Titre :<\/strong> Les feux du coeur<\/li>\n\n\n\n<li><strong>S\u00e9rie :<\/strong> Amours Entrelac\u00e9es<\/li>\n\n\n\n<li><strong>Tome :<\/strong>3<\/li>\n\n\n\n<li><strong>Genre :<\/strong> Romance contemporaine slow burn <\/li>\n\n\n\n<li><strong>Date de sortie :<\/strong> Novembre 2025<\/li>\n\n\n\n<li><strong>Formats disponibles :<\/strong> Ebook et Broch\u00e9 (\u00e0 venir)<\/li>\n<\/ul>\n\n\n\n<p><\/p>\n\n\n\n<h2 class=\"wp-block-heading\">\ud83d\udc93 Pourquoi lire <em>Les feux du coeur <\/em> ?<\/h2>\n\n\n\n<ul class=\"wp-block-list\">\n<li>\ud83c\udf7d\ufe0f Une romance <em>enemies-to-lovers<\/em> au c\u0153ur d\u2019une \u00e9mission de cuisine<\/li>\n\n\n\n<li>\ud83e\uddd1\u200d\ud83e\uddbd Une h\u00e9ro\u00efne forte, libre et fi\u00e8re, qui ne se laisse d\u00e9finir par rien ni personne<\/li>\n\n\n\n<li>\ud83d\udd25 Un chef passionn\u00e9, en lutte avec ses choix pass\u00e9s<\/li>\n\n\n\n<li>\ud83d\udc68\u200d\ud83d\udc69\u200d\ud83d\udc67\u200d\ud83d\udc66 Des liens familiaux forts, dr\u00f4les et parfois conflictuels<\/li>\n<\/ul>\n\n\n\n<p><\/p>\n\n\n\n<h2 class=\"wp-block-heading\">\ud83d\udd8b\ufe0f \u00c0 propos de l\u2019autrice<\/h2>\n\n\n\n<p>Armelle Casas aime raconter des histoires o\u00f9 les cicatrices croisent l&rsquo;espoir. \u00c0 travers <em>Amour entrelac\u00e9es<\/em>, elle explore les liens invisibles qui fa\u00e7onnent nos choix, nos passions et nos renaissances.<\/p>\n\n\n\n<p><\/p>\n\n\n\n<p><\/p>\n","protected":false},"excerpt":{"rendered":"<p>S\u00e9rie Amours Entrelac\u00e9es \u2013 Tome 3 Quand la passion culinaire r\u00e9veille les blessures\u2026 et les sentiments. \ud83d\udcd6 R\u00e9sum\u00e9 Elle fuit les projecteurs. Il y brille\u2026 mais veut s\u2019en \u00e9loigner. Quand leurs mondes se percutent, c\u2019est tout leur \u00e9quilibre qui vacille. In\u00e8s Corbian a fait de son restaurant un cocon, un temple du go\u00fbt et du [&hellip;]<\/p>\n","protected":false},"author":1,"featured_media":0,"parent":0,"menu_order":0,"comment_status":"closed","ping_status":"closed","template":"","meta":{"footnotes":""},"class_list":["post-146","page","type-page","status-publish","hentry"],"_links":{"self":[{"href":"https:\/\/armellecasas.fr\/index.php\/wp-json\/wp\/v2\/pages\/146","targetHints":{"allow":["GET"]}}],"collection":[{"href":"https:\/\/armellecasas.fr\/index.php\/wp-json\/wp\/v2\/pages"}],"about":[{"href":"https:\/\/armellecasas.fr\/index.php\/wp-json\/wp\/v2\/types\/page"}],"author":[{"embeddable":true,"href":"https:\/\/armellecasas.fr\/index.php\/wp-json\/wp\/v2\/users\/1"}],"replies":[{"embeddable":true,"href":"https:\/\/armellecasas.fr\/index.php\/wp-json\/wp\/v2\/comments?post=146"}],"version-history":[{"count":6,"href":"https:\/\/armellecasas.fr\/index.php\/wp-json\/wp\/v2\/pages\/146\/revisions"}],"predecessor-version":[{"id":187,"href":"https:\/\/armellecasas.fr\/index.php\/wp-json\/wp\/v2\/pages\/146\/revisions\/187"}],"wp:attachment":[{"href":"https:\/\/armellecasas.fr\/index.php\/wp-json\/wp\/v2\/media?parent=146"}],"curies":[{"name":"wp","href":"https:\/\/api.w.org\/{rel}","templated":true}]}}