{"id":173,"date":"2025-11-12T13:47:32","date_gmt":"2025-11-12T12:47:32","guid":{"rendered":"https:\/\/armellecasas.fr\/?page_id=173"},"modified":"2026-03-04T10:05:21","modified_gmt":"2026-03-04T09:05:21","slug":"tome-4-les-saveurs-du-coeur","status":"publish","type":"page","link":"https:\/\/armellecasas.fr\/index.php\/tome-4-les-saveurs-du-coeur\/","title":{"rendered":"Tome 4 : Les Saveurs du coeur"},"content":{"rendered":"\n<figure class=\"wp-block-image size-full\"><img loading=\"lazy\" decoding=\"async\" width=\"1749\" height=\"2481\" src=\"http:\/\/armellecasas.fr\/wp-content\/uploads\/2026\/02\/ARMELLE-CASAS-ebook-1.jpg\" alt=\"\" class=\"wp-image-197\" srcset=\"https:\/\/armellecasas.fr\/wp-content\/uploads\/2026\/02\/ARMELLE-CASAS-ebook-1.jpg 1749w, https:\/\/armellecasas.fr\/wp-content\/uploads\/2026\/02\/ARMELLE-CASAS-ebook-1-211x300.jpg 211w, https:\/\/armellecasas.fr\/wp-content\/uploads\/2026\/02\/ARMELLE-CASAS-ebook-1-722x1024.jpg 722w, https:\/\/armellecasas.fr\/wp-content\/uploads\/2026\/02\/ARMELLE-CASAS-ebook-1-768x1089.jpg 768w, https:\/\/armellecasas.fr\/wp-content\/uploads\/2026\/02\/ARMELLE-CASAS-ebook-1-1083x1536.jpg 1083w, https:\/\/armellecasas.fr\/wp-content\/uploads\/2026\/02\/ARMELLE-CASAS-ebook-1-1444x2048.jpg 1444w\" sizes=\"auto, (max-width: 1749px) 100vw, 1749px\" \/><\/figure>\n\n\n\n<h2 class=\"wp-block-heading\">S\u00e9rie Amours Entrelac\u00e9es \u2013 Tome 4<\/h2>\n\n\n\n<blockquote class=\"wp-block-quote is-layout-flow wp-block-quote-is-layout-flow\">\n<p>Aimer, c\u2019est facile. Se construire ensemble, c\u2019est le vrai d\u00e9fi.<\/p>\n<\/blockquote>\n\n\n\n<p><\/p>\n\n\n\n<h2 class=\"wp-block-heading\">\ud83d\udcd6 R\u00e9sum\u00e9<\/h2>\n\n\n\n<p><strong>Apr\u00e8s les flammes de la passion, il leur reste \u00e0 prouver qu\u2019on peut aimer\u2026 sans se br\u00fbler.<\/strong><\/p>\n\n\n\n<p>Depuis la fin de l\u2019\u00e9mission <em>Les Couteaux \u00c9toil\u00e9s<\/em>, In\u00e8s et Paul essaient de construire un avenir ensemble.<br>Elle veut croire qu\u2019ils peuvent former un \u201cnous\u201d.<br>Lui se bat encore contre ses d\u00e9mons \u2014 un divorce, une garde d\u2019enfant, et cette peur visc\u00e9rale de tout perdre \u00e0 nouveau.<\/p>\n\n\n\n<p>Entre deux services, un restaurant \u00e0 faire tourner et une fillette \u00e0 prot\u00e9ger, Paul s\u2019\u00e9gare.<br>In\u00e8s, elle, tente de ne pas se laisser engloutir par le poids du quotidien, par les silences, par tout ce qu\u2019ils ne se disent plus.<\/p>\n\n\n\n<p><strong>Et si aimer, c\u2019\u00e9tait aussi accepter de se perdre un peu\u2026 pour mieux se retrouver ?<\/strong><\/p>\n\n\n\n<p><\/p>\n\n\n\n<h2 class=\"wp-block-heading\">\ud83d\udd17 O\u00f9 le trouver en num\u00e9rique<\/h2>\n\n\n\n<p><\/p>\n\n\n\n<div class=\"wp-block-buttons is-layout-flex wp-block-buttons-is-layout-flex\">\n<div class=\"wp-block-button is-style-fill\"><a class=\"wp-block-button__link wp-element-button\" href=\"https:\/\/www.amazon.fr\/Saveurs-coeur-Amours-entrelac%C3%A9es-t-ebook\/dp\/B0FXBMMMSS\/ref=sr_1_4?__mk_fr_FR=%C3%85M%C3%85%C5%BD%C3%95%C3%91&amp;crid=30215FK7OG0R1&amp;dib=eyJ2IjoiMSJ9.mVb3plij8bac-ephoo7Ik91_3ILI3HA_zBfEJJur9N3KcZ3YXP5gCp6nIdbJZpwABI-jYKxdthwFfQuuRqEMb_x0WRdA9eJ9CCJuZ-dIqaSmLGgQIO0JUok7s-quz3-wtrNyq-thOD7Vjsr85HXP9EmmEvkHc16Ra2GX_HgMBR3YortMlQFfKBIFkHJZ1l98S3mkuWCaQScF49wioDJvUoiqqtYskOzMYe5NsGBYOhQVegzTLJp2DC2GDWg0PDU9OFST7s6DYrIxWv02dPWFZNaAGGaX-qE4uRR-SwnzoHA.My49QQMmYaB-64AAiWdhORfiBufDEwNs6Toed7WSe6g&amp;dib_tag=se&amp;keywords=armelle+casas&amp;qid=1762946068&amp;sprefix=armelle+casas%2Caps%2C75&amp;sr=8-4\">Kindle<\/a><\/div>\n\n\n\n<div class=\"wp-block-button\"><a class=\"wp-block-button__link wp-element-button\" href=\"https:\/\/www.kobo.com\/fr\/fr\/ebook\/les-saveurs-du-coeur?sId=1471cca4-e4d0-4ff6-b9f3-924a92ae7c80&amp;ssId=UcE37rWUembz68tkZlW2r\">Kobo<\/a><\/div>\n\n\n\n<div class=\"wp-block-button\"><a class=\"wp-block-button__link wp-element-button\" href=\"https:\/\/play.google.com\/store\/books\/details\/Armelle_Casas_Les_Saveurs_du_coeur?id=AkeREQAAQBAJ&amp;hl=fr\">Google play<\/a><\/div>\n\n\n\n<div class=\"wp-block-button\"><a class=\"wp-block-button__link wp-element-button\" href=\"https:\/\/www.7switch.com\/fr\/ebook\/9791097668167\">7switch<\/a><\/div>\n\n\n\n<div class=\"wp-block-button\"><a class=\"wp-block-button__link wp-element-button\" href=\"https:\/\/www.fnac.com\/SearchResult\/ResultList.aspx?sa=0&amp;SCat=Livres__+BD__+Ebooks!1&amp;Search=9791097668167&amp;sft=1\">Fnac<\/a><\/div>\n\n\n\n<div class=\"wp-block-button\"><a class=\"wp-block-button__link wp-element-button\" href=\"https:\/\/www.epagine.fr\/ebook\/9791097668167-les-saveurs-du-coeur-armelle-casas\/\">Epagine<\/a><\/div>\n\n\n\n<div class=\"wp-block-button\"><a class=\"wp-block-button__link wp-element-button\" href=\"https:\/\/nextory.com\/fr\/book\/les-saveurs-du-coeur-5401076\">Nextory<\/a><\/div>\n<\/div>\n\n\n\n<p><\/p>\n\n\n\n<h2 class=\"wp-block-heading\">\ud83d\udd17 O\u00f9 le trouver en papier<\/h2>\n\n\n\n<div class=\"wp-block-buttons is-layout-flex wp-block-buttons-is-layout-flex\">\n<div class=\"wp-block-button\"><a class=\"wp-block-button__link wp-element-button\" href=\"https:\/\/www.amazon.fr\/Saveurs-du-coeur-Armelle-Casas\/dp\/B0GLDXNBHM?ref_=ast_author_dp&amp;th=1&amp;psc=1\">Amazon<\/a><\/div>\n<\/div>\n\n\n\n<p><\/p>\n\n\n\n<h2 class=\"wp-block-heading\">\ud83d\udccb Informations sur le livre<\/h2>\n\n\n\n<ul class=\"wp-block-list\">\n<li><strong>Titre :<\/strong> Les saveurs du coeur<\/li>\n\n\n\n<li><strong>S\u00e9rie :<\/strong> Amours Entrelac\u00e9es<\/li>\n\n\n\n<li><strong>Tome :<\/strong>4<\/li>\n\n\n\n<li><strong>Genre :<\/strong> Romance contemporaine slow burn <\/li>\n\n\n\n<li><strong>Date de sortie :<\/strong>04 mars 2026<\/li>\n\n\n\n<li><strong>Formats disponibles :<\/strong> Ebook et Broch\u00e9 <\/li>\n<\/ul>\n\n\n\n<p><\/p>\n\n\n\n<h2 class=\"wp-block-heading\">\ud83d\udc93 Pourquoi lire <em>Les feux du coeur <\/em> ?<\/h2>\n\n\n\n<ul class=\"wp-block-list\">\n<li>\ud83c\udf7d\ufe0f Une romance \u00e9motionnelle et r\u00e9aliste, entre cuisine, paternit\u00e9 et amour.<\/li>\n\n\n\n<li>\ud83d\udc9e Un couple d\u00e9j\u00e0 form\u00e9, confront\u00e9 aux d\u00e9fis du quotidien et \u00e0 leurs blessures pass\u00e9es.<\/li>\n\n\n\n<li>\ud83d\udc67 Un p\u00e8re qui se bat pour sa fille et d\u00e9couvre une autre fa\u00e7on d\u2019aimer.<\/li>\n\n\n\n<li>\ud83e\uddd1\u200d\ud83e\uddbd Une h\u00e9ro\u00efne forte, libre et d\u00e9termin\u00e9e, qui avance malgr\u00e9 les obstacles.<\/li>\n\n\n\n<li>\ud83c\udf3f Une histoire de reconstruction, de r\u00e9silience et de secondes chances.<\/li>\n<\/ul>\n\n\n\n<p><\/p>\n\n\n\n<h2 class=\"wp-block-heading\">\ud83d\udd8b\ufe0f \u00c0 propos de l\u2019autrice<\/h2>\n\n\n\n<p>Armelle Casas aime raconter des histoires o\u00f9 les cicatrices croisent l&rsquo;espoir. \u00c0 travers <em>Amour entrelac\u00e9es<\/em>, elle explore les liens invisibles qui fa\u00e7onnent nos choix, nos passions et nos renaissances.<\/p>\n\n\n\n<p><\/p>\n\n\n\n<p><\/p>\n","protected":false},"excerpt":{"rendered":"<p>S\u00e9rie Amours Entrelac\u00e9es \u2013 Tome 4 Aimer, c\u2019est facile. Se construire ensemble, c\u2019est le vrai d\u00e9fi. \ud83d\udcd6 R\u00e9sum\u00e9 Apr\u00e8s les flammes de la passion, il leur reste \u00e0 prouver qu\u2019on peut aimer\u2026 sans se br\u00fbler. Depuis la fin de l\u2019\u00e9mission Les Couteaux \u00c9toil\u00e9s, In\u00e8s et Paul essaient de construire un avenir ensemble.Elle veut croire qu\u2019ils [&hellip;]<\/p>\n","protected":false},"author":1,"featured_media":0,"parent":0,"menu_order":0,"comment_status":"closed","ping_status":"closed","template":"","meta":{"footnotes":""},"class_list":["post-173","page","type-page","status-publish","hentry"],"_links":{"self":[{"href":"https:\/\/armellecasas.fr\/index.php\/wp-json\/wp\/v2\/pages\/173","targetHints":{"allow":["GET"]}}],"collection":[{"href":"https:\/\/armellecasas.fr\/index.php\/wp-json\/wp\/v2\/pages"}],"about":[{"href":"https:\/\/armellecasas.fr\/index.php\/wp-json\/wp\/v2\/types\/page"}],"author":[{"embeddable":true,"href":"https:\/\/armellecasas.fr\/index.php\/wp-json\/wp\/v2\/users\/1"}],"replies":[{"embeddable":true,"href":"https:\/\/armellecasas.fr\/index.php\/wp-json\/wp\/v2\/comments?post=173"}],"version-history":[{"count":5,"href":"https:\/\/armellecasas.fr\/index.php\/wp-json\/wp\/v2\/pages\/173\/revisions"}],"predecessor-version":[{"id":211,"href":"https:\/\/armellecasas.fr\/index.php\/wp-json\/wp\/v2\/pages\/173\/revisions\/211"}],"wp:attachment":[{"href":"https:\/\/armellecasas.fr\/index.php\/wp-json\/wp\/v2\/media?parent=173"}],"curies":[{"name":"wp","href":"https:\/\/api.w.org\/{rel}","templated":true}]}}