{"id":39,"date":"2025-01-29T10:54:55","date_gmt":"2025-01-29T09:54:55","guid":{"rendered":"https:\/\/armellecasas.fr\/?page_id=39"},"modified":"2025-05-09T10:24:32","modified_gmt":"2025-05-09T08:24:32","slug":"des-romances-cotemporaines-a-devorer","status":"publish","type":"page","link":"https:\/\/armellecasas.fr\/","title":{"rendered":"Des romances cotemporaines \u00e0 d\u00e9vorer !"},"content":{"rendered":"\n<div class=\"wp-block-group alignfull has-global-padding is-layout-constrained wp-container-core-group-is-layout-0c9c989a wp-block-group-is-layout-constrained\" style=\"min-height:0vh;margin-top:0;margin-bottom:0;padding-top:var(--wp--preset--spacing--70);padding-right:var(--wp--preset--spacing--40);padding-bottom:var(--wp--preset--spacing--70);padding-left:var(--wp--preset--spacing--40)\">\n<div class=\"wp-block-group has-global-padding is-layout-constrained wp-container-core-group-is-layout-346627ba wp-block-group-is-layout-constrained\">\n<h2 class=\"wp-block-heading has-text-align-center has-xx-large-font-size\" style=\"margin-right:0;margin-left:0;padding-right:0;padding-left:0\"><strong>Bienvenue dans mon univers !<\/strong><\/h2>\n\n\n\n<p>Je suis Armelle Casas, romanci\u00e8re de romances contemporaines o\u00f9 la famille, l\u2019amiti\u00e9 et les \u00e9motions sont au c\u0153ur des histoires. Ici, vous d\u00e9couvrirez des personnages authentiques, des intrigues \u00e9mouvantes et des th\u00e8mes qui explorent les diff\u00e9rences, la r\u00e9silience et la richesse humaine.<\/p>\n\n\n\n<p><strong>\u00c9motions et rencontres au fil des pages<\/strong><\/p>\n\n\n\n<p class=\"has-text-align-center\">Chaque roman que j\u2019\u00e9cris est une invitation \u00e0 plonger dans des r\u00e9cits vibrants o\u00f9 les liens humains sont essentiels. Que vous soyez passionn\u00e9e par les histoires de reconstruction, de r\u00e9silience ou d\u2019amour, vous trouverez ici des histoires qui sauront vous toucher.<\/p>\n<\/div>\n<\/div>\n\n\n\n<p><\/p>\n","protected":false},"excerpt":{"rendered":"<p>Bienvenue dans mon univers ! Je suis Armelle Casas, romanci\u00e8re de romances contemporaines o\u00f9 la famille, l\u2019amiti\u00e9 et les \u00e9motions sont au c\u0153ur des histoires. Ici, vous d\u00e9couvrirez des personnages authentiques, des intrigues \u00e9mouvantes et des th\u00e8mes qui explorent les diff\u00e9rences, la r\u00e9silience et la richesse humaine. \u00c9motions et rencontres au fil des pages Chaque [&hellip;]<\/p>\n","protected":false},"author":1,"featured_media":0,"parent":0,"menu_order":0,"comment_status":"closed","ping_status":"closed","template":"","meta":{"footnotes":""},"class_list":["post-39","page","type-page","status-publish","hentry"],"_links":{"self":[{"href":"https:\/\/armellecasas.fr\/index.php\/wp-json\/wp\/v2\/pages\/39","targetHints":{"allow":["GET"]}}],"collection":[{"href":"https:\/\/armellecasas.fr\/index.php\/wp-json\/wp\/v2\/pages"}],"about":[{"href":"https:\/\/armellecasas.fr\/index.php\/wp-json\/wp\/v2\/types\/page"}],"author":[{"embeddable":true,"href":"https:\/\/armellecasas.fr\/index.php\/wp-json\/wp\/v2\/users\/1"}],"replies":[{"embeddable":true,"href":"https:\/\/armellecasas.fr\/index.php\/wp-json\/wp\/v2\/comments?post=39"}],"version-history":[{"count":3,"href":"https:\/\/armellecasas.fr\/index.php\/wp-json\/wp\/v2\/pages\/39\/revisions"}],"predecessor-version":[{"id":102,"href":"https:\/\/armellecasas.fr\/index.php\/wp-json\/wp\/v2\/pages\/39\/revisions\/102"}],"wp:attachment":[{"href":"https:\/\/armellecasas.fr\/index.php\/wp-json\/wp\/v2\/media?parent=39"}],"curies":[{"name":"wp","href":"https:\/\/api.w.org\/{rel}","templated":true}]}}